
9
In base 11, what is 1 + 54?
55
In base 8, what is 5302 - 0?
5302
In base 8, what is 4 - 251?
-245
In base 15, what is -5 + -5e?
-64
In base 7, what is 206 + 4?
213
In base 9, what is 3121 - 7?
3113
In base 11, what is 3 + 76?
79
In base 16, what is 1 - -5?
6
In base 5, what is -23114 + 2?
-23112
In base 11, what is 52 - 2?
50
In base 2, what is 100000 - -110?
100110
In base 14, what is 28 - d?
19
In base 16, what is 0 - -106?
106
In base 14, what is c + -63?
-55
In base 9, what is 20 - 33?
-13
In base 2, what is -1110101010 - -10001?
-1110011001
In base 4, what is -2 + 10100?
10032
In base 10, what is 3 + 6?
9
In base 16, what is 19f + -2?
19d
In base 8, what is -3 + 25?
22
In base 10, what is 0 + 47?
47
In base 14, what is -6cd + -2?
-6d1
In base 9, what is -5 - -303?
287
In base 15, what is 341a - 5?
3415
In base 3, what is -21110 - 201?
-22011
In base 13, what is 45 - -1?
46
In base 13, what is -b - -57?
49
In base 13, what is 5 - -68?
70
In base 16, what is 17 + -2?
15
In base 9, what is 34715 + 1?
34716
In base 2, what is -1110 - 10001?
-11111
In base 2, what is -1000 - 10001000?
-10010000
In base 10, what is 18 + 168?
186
In base 6, what is -2 - 131?
-133
In base 8, what is -105 - 0?
-105
In base 10, what is -1 + -3?
-4
In base 4, what is -1 + -3212?
-3213
In base 13, what is 0 + -b3?
-b3
In base 10, what is -225 + 1?
-224
In base 11, what is -174a1 + -5?
-174a6
In base 4, what is -32 - -102?
10
In base 5, what is 12 + -341?
-324
In base 8, what is 150 + 31?
201
In base 8, what is -467 - -107?
-360
In base 6, what is 1 + 15?
20
In base 12, what is -7 - -75?
6a
In base 4, what is -2201 - -112?
-2023
In base 13, what is -27 + -6?
-30
In base 15, what is 0 + a?
a
In base 9, what is -6 + 0?
-6
In base 4, what is 13 + 2112?
2131
In base 8, what is -33060 - -1?
-33057
In base 7, what is 12520 - -3?
12523
In base 5, what is 310 - -303?
1113
In base 11, what is -1047 - -1?
-1046
In base 12, what is -33 - 0?
-33
In base 8, what is -230 + -26?
-256
In base 9, what is 1 + -2523?
-2522
In base 6, what is -134 - -3010?
2432
In base 16, what is 3 - -1a7?
1aa
In base 9, what is 50 - -6?
56
In base 13, what is b1 - 0?
b1
In base 13, what is 4 + aa7?
aab
In base 3, what is -10 + -111?
-121
In base 11, what is -2 + 23a4?
23a2
In base 10, what is 260 + -13?
247
In base 8, what is -3 + 56?
53
In base 9, what is 10 - -36?
46
In base 10, what is -1893 - -5?
-1888
In base 16, what is b + -15?
-a
In base 3, what is -1021 - -101200?
100102
In base 8, what is -1 - -60?
57
In base 10, what is 7 - 1091?
-1084
In base 11, what is a65 - -5?
a6a
In base 6, what is -5110 - 3?
-5113
In base 4, what is 1 - 1101?
-1100
In base 2, what is -1000110 - -10?
-1000100
In base 2, what is 110101 + 101?
111010
In base 3, what is -11110 + -2?
-11112
In base 8, what is -4 - 42?
-46
In base 12, what is -6 + -b?
-15
In base 2, what is 101 - 10010110?
-10010001
In base 11, what is 16 + 173?
189
In base 3, what is -11 - -21211?
21200
In base 9, what is -171 + -6?
-177
In base 8, what is 3 + 2602?
2605
In base 8, what is -1 - -6466?
6465
In base 15, what is -23 + 14d?
12a
In base 12, what is 1 - 1b8?
-1b7
In base 7, what is -224 + 5?
-216
In base 6, what is -2 + -21?
-23
In base 3, what is 20202 - -1?
20210
In base 5, what is 32 + 4144?
4231
In base 13, what is -17 - 1?
-18
In base 7, what is 463 - 4?
456
In base 2, what is -10111 + 0?
-10111
In base 7, what is 134 - -5?
142
In base 8, what is -647 + -27?
-676
In base 10, what is -6 - -20?
14
In base 15, what is 139 - -a?
144
In base 16, what is 4e9 + -1?
4e8
In base 6, what is -54024 - -1?
-54023
In base 2, what is 0 - 10001011010?
-10001011010
In base 16, what is -1b - -4d?
32
In base 10, what is 3 + 2728?
2731
In base 2, what is 1110 - 1010?
100
In base 14, what is -26 - 77?
-9d
In base 11, what is 0 - 55?
-55
In base 9, what is -527 - -3?
-524
In base 15, what is 3 - -2a?
2d
In base 3, what is 1022211 - 0?
1022211
In base 7, what is -4 - -54?
50
In base 13, what is -5b + b?
-50
In base 8, what is -4 - -233?
227
In base 7, what is 131 + 2?
133
In base 15, what is -21c + 23?
-1e9
In base 4, what is -10 - -111?
101
In base 15, what is 6c + -42?
2a
In base 15, what is -2 - 68?
-6a
In base 15, what is d - -24?
32
In base 12, what is 341 - 10?
331
In base 8, what is 32 + 6?
40
In base 8, what is -31 + -3?
-34
In base 11, what is -145 - 4?
-149
In base 12, what is -2 + 840?
83a
In base 11, what is -4 + 754?
750
In base 9, what is -71 - 16?
-87
In base 6, what is -121 - 4?
-125
In base 10, what is 4 - -317?
321
In base 7, what is 214604 - -2?
214606
In base 10, what is 2 - 261?
-259
In base 7, what is -11 + -4242?
-4253
In base 11, what is -129 - 4?
-132
In base 16, what is 1 - -297?
298
In base 9, what is 4 - 375?
-371
In base 2, what is 101101011 + 10?
101101101
In base 2, what is 10010 + -1100?
110
In base 15, what is -4 - 19?
-1d
In base 12, what is 2 - -486?
488
In base 4, what is -113 - 10?
-123
In base 10, what is -494 - -15?
-479
In base 6, what is -132 + 4?
-124
In base 8, what is -76 + -75?
-173
In base 6, what is -2 - -132?
130
In base 7, what is -222 - -11?
-211
In base 16, what is 1e - 4b?
-2d
In base 13, what is 1 + 46?
47
In base 16, what is -223e - -2?
-223c
In base 15, what is -32 - -1?
-31
In base 16, what is 39 + 1?
3a
In base 3, what is -12 + -222100?
-222112
In base 3, what is -100122122 - -2?
-100122120
In base 4, what is 3 - 2012?
-2003
In base 6, what is 1 - -13?
14
In base 6, what is 122 - 4?
114
In base 7, what is -22 - -26?
4
In base 9, what is 160 + -1?
158
In base 10, what is -28 + -22?
-50
In base 2, what is 11 - 1110001110?
-1110001011
In base 4, what is -10 + 11223?
11213
In base 14, what is 2 - 1?
1
In base 6, what is 5 + -33?
-24
In base 15, what is 36 + 70?
a6
In base 13, what is 5 - -1b0?
1b5
In base 12, what is -35 - 0?
-35
In base 14, what is -3 - 31?
-34
In base 2, what is -110000 - -100?
-101100
In base 11, what is 7 + -10?
-4
In base 13, what is 9 - 30?
-24
In base 14, what is 1995 + -1?
1994
In base 2, what is -1010101 - -111?
-1001110
In base 9, what is -4 + 203?
188
In base 11, what is 1 - 1351?
-1350
In base 5, what is 4 + 0?
4
In base 7, what is -34 - 51?
-115
In base 9, what is 10 - 1151?
-1141
In base 13, what is -56 + -2?
-58
In base 11, what is -703 + 3?
-700
In base 4, what is -11 - -20322?
20311
In base 9, what is 4802 - -1?
4803
In base 12, what is 2165 + 3?
2168
In base 7, what is 351 + 1?
352
In base 12, what is -23 - -10?
-13
In base 12, what is 3 - 81?
-7a
In base 16, what is 1b - -37?
52
In base 8, what is -2224 + 4?
-2220
In base 16, what is 1 + 3e?
3f
In base 8, what is 13 - -1?
14
In base 4, what is 313013 + -1?
313012
In base 10, what is 4 + -1?
3
In base 10, what is -21 - 1?
-22
In base 10, what is 5 - -707?
712
In base 10, what is -108 - -1?
-107
In base 2, what is 1011000010 + -10?
1011000000
In base 9, what is -15 - -1347?
1332
In base 9, what is 2851 - -2?
2853
In base 5, what is -30414 + 3?
-30411
In base 3, what is -2 - -100111?
100102
In base 11, what is -3 + -386?
-389
In base 8, what is -4 - -703?
677
In base 4, what is 1012 + 10?
1022
In base 14, what is -23 - 18?
-3b
In base 9, what is -22252 - 1?
-22253
In base 3, what is 0 + -2121?
-2121
In base 16, what is 6e - 1?
6d
In base 2, what is 10 - 10110111?
-10110101
In base 14, what is -624a - -5?
-6245
In base 7, what is 12 - -130?
142
In base 11, what is 62 + -1a?
43
In base 11, what is -4 - -3?
-1
In base 8, what is -1165 + 0?
-1165
In base 4, what is -102 - -1210?
1102
In base 7, what is -230 + 6?
-221
In base 11, what is 31 + -87?
-56
In base 9, what is -40 - 1?
-41
In base 7, what is 35 - -1114?
1152
In base 14, what is 3 - 8d?
-8a
In base 2, what is -101 - 1000110?
-1001011
In base 7, what is 5 - -113?
121
In base 15, what is 38 + 24?
5c
In base 9, what is -1475 - -10?
-1465
In base 7, what is -5 - -345?
340
In base 6, what is -14 - -405?
351
In base 14, what is -3 - -1233?
1230
In base 9, what is -48 + -80?
-138
In base 3, what is -1002 - -222?
-10
In base 14, what is -3 - -9?
6
In base 13, what is 3b + 99?
107
In base 4, what is 13 + -110?
-31
In base 15, what is -13 + 4?
-e
In base 15, what is -1 + 3a?
39
In base 3, what is 22 + 102022?
102121
In base 6, what is 4 + -22444?
-22440
In base 6, what is 2233